ultiple of 4?
False
Is 24 a factor of 216?
True
Is 11590 a multiple of 10?
True
Is 1194 a multiple of 51?
False
Is 12 a factor of 864?
True
Is 1711 a multiple of 111?
False
Is 84 a factor of 1680?
True
Does 17 divide 1343?
True
Is 262 a factor of 65391?
False
Is 14035 a multiple of 14?
False
Does 178 divide 7726?
False
Does 57 divide 2570?
False
Is 36200 a multiple of 200?
True
Is 95 a factor of 285?
True
Does 170 divide 340?
True
Is 923 a multiple of 25?
False
Does 23 divide 5106?
True
Does 41 divide 11778?
False
Is 1238 a multiple of 52?
False
Is 54 a factor of 1448?
False
Is 129 a factor of 12304?
False
Is 7 a factor of 259?
True
Is 34 a factor of 1156?
True
Is 51 a factor of 23460?
True
Is 11412 a multiple of 9?
True
Is 4 a factor of 1520?
True
Does 23 divide 10032?
False
Is 14 a factor of 5054?
True
Does 7 divide 196?
True
Is 245 a multiple of 4?
False
Is 16 a factor of 2144?
True
Does 3 divide 2591?
False
Does 16 divide 42320?
True
Is 42 a factor of 879?
False
Does 15 divide 225?
True
Is 105 a multiple of 9?
False
Is 8295 a multiple of 105?
True
Does 17 divide 500?
False
Is 201 a multiple of 32?
False
Does 12 divide 2557?
False
Is 1363 a multiple of 14?
False
Does 46 divide 1664?
False
Is 11 a factor of 7539?
False
Is 176 a factor of 64121?
False
Does 12 divide 1759?
False
Does 164 divide 2543?
False
Does 19 divide 646?
True
Is 7005 a multiple of 165?
False
Is 20915 a multiple of 235?
True
Does 108 divide 52936?
False
Does 7 divide 21?
True
Is 397 a multiple of 15?
False
Does 6 divide 272?
False
Does 86 divide 9177?
False
Does 21 divide 252?
True
Is 883 a multiple of 46?
False
Is 16 a factor of 2370?
False
Does 13 divide 21060?
True
Is 91 a factor of 67529?
False
Is 3 a factor of 272?
False
Is 23 a factor of 1275?
False
Is 714 a multiple of 17?
True
Is 17 a factor of 1139?
True
Does 34 divide 5678?
True
Is 916 a multiple of 50?
False
Is 4 a factor of 25544?
True
Is 2386 a multiple of 80?
False
Is 5 a factor of 11839?
False
Is 12 a factor of 7336?
False
Is 95 a multiple of 3?
False
Does 47 divide 62919?
False
Is 15 a factor of 1695?
True
Does 42 divide 3822?
True
Does 14 divide 85164?
False
Is 35182 a multiple of 49?
True
Is 11 a factor of 539?
True
Is 5434 a multiple of 13?
True
Is 95 a factor of 34105?
True
Is 969 a multiple of 26?
False
Does 4 divide 2710?
False
Does 52 divide 116728?
False
Does 16 divide 13067?
False
Is 41870 a multiple of 36?
False
Is 24469 a multiple of 52?
False
Does 12 divide 14376?
True
Does 10 divide 1440?
True
Is 62 a factor of 1628?
False
Is 73 a factor of 2556?
False
Is 23979 a multiple of 15?
False
Does 11 divide 1078?
True
Does 64 divide 71718?
False
Does 32 divide 803?
False
Is 26503 a multiple of 64?
False
Is 13 a factor of 125620?
False
Is 26 a factor of 1404?
True
Does 18 divide 3415?
False
Is 20148 a multiple of 12?
True
Is 23 a factor of 463?
False
Is 471 a multiple of 32?
False
Is 24 a factor of 1800?
True
Is 33971 a multiple of 53?
False
Does 15 divide 105?
True
Does 18 divide 43967?
False
Is 38148 a multiple of 289?
True
Is 10 a factor of 4400?
True
Does 124 divide 2500?
False
Does 29 divide 5510?
True
Is 21 a factor of 1666?
False
Does 19 divide 142?
False
Is 3 a factor of 399?
True
Does 5 divide 95?
True
Is 8633 a multiple of 2?
False
Is 171 a multiple of 4?
False
Is 22 a factor of 2992?
True
Does 15 divide 4080?
True
Does 7 divide 430?
False
Is 17 a factor of 204?
True
Is 93361 a multiple of 146?
False
Is 414 a factor of 27324?
True
Does 4 divide 2904?
True
Does 69 divide 15456?
True
Is 123 a factor of 2583?
True
Is 3752 a multiple of 8?
True
Is 1350 a multiple of 13?
False
Is 1014 even?
True
Is 928 a multiple of 4?
True
Is 59 a factor of 605?
False
Is 63317 a multiple of 115?
False
Does 138 divide 5404?
False
Is 56 a factor of 1120?
True
Does 34 divide 1700?
True
Is 113 a factor of 1356?
True
Is 235 a factor of 39480?
True
Is 259 a factor of 38332?
True
Is 85 a factor of 1700?
True
Is 840 a multiple of 35?
True
Does 15 divide 9225?
True
Does 21 divide 50295?
True
Is 61111 a multiple of 356?
False
Is 33727 a multiple of 62?
False
Is 12 a factor of 576?
True
Does 20 divide 3200?
True
Does 2 divide 4732?
True
Does 5 divide 680?
True
Does 22 divide 198?
True
Does 29 divide 226?
False
Is 290 a multiple of 7?
False
Does 15 divide 7007?
False
Is 210 a factor of 112980?
True
Does 19 divide 1977?
False
Is 24 a factor of 2234?
False
Is 57 a factor of 969?
True
Does 20 divide 47181?
False
Does 15 divide 1500?
True
Is 144 a factor of 126144?
True
Is 14 a factor of 7535?
False
Does 24 divide 544?
False
Does 7 divide 4447?
False
Is 43 a factor of 9202?
True
Is 812 a multiple of 29?
True
Does 2 divide 4748?
True
Is 26 a factor of 960?
False
Does 4 divide 5492?
True
Is 344 a multiple of 3?
False
Is 181 a factor of 37105?
True
Is 6 a multiple of 4?
False
Is 9752 a multiple of 23?
True
Is 1182 a multiple of 7?
False
Is 19996 a multiple of 21?
False
Is 51180 a multiple of 15?
True
Does 9 divide 3511?
False
Does 5 divide 26900?
True
Is 36517 a multiple of 10?
False
Is 10 a factor of 9160?
True
Does 29 divide 6612?
True
Is 27 a factor of 282?
False
Does 44 divide 2552?
True
Does 73 divide 4060?
False
Does 35 divide 16695?
True
Does 17 divide 489?
False
Is 22604 a multiple of 67?
False
Is 8 a factor of 13472?
True
Is 6 a factor of 1799?
False
Is 63 a factor of 525?
False
Does 5 divide 533?
False
Is 7 a factor of 131?
False
Is 12 a factor of 1994?
False
Is 50 a factor of 5100?
True
Is 17369 a multiple of 5?
False
Is 62 a factor of 620?
True
Does 86 divide 86?
True
Is 11072 a multiple of 64?
True
Is 31 a factor of 2945?
True
Does 37 divide 6142?
True
Does 274 divide 937?
False
Does 36 divide 72?
True
Is 1762 a multiple of 16?
False
Is 228 a factor of 26907?
False
Is 15700 a multiple of 314?
True
Is 24917 a multiple of 25?
False
Is 9968 a multiple of 10?
False
Does 37 divide 6422?
False
Does 3 divide 511?
False
Does 18 divide 30086?
False
Is 23 a factor of 5106?
True
Is 46 a factor of 4370?
True
Is 10593 a multiple of 99?
True
Is 22270 a multiple of 85?
True
Is 9 a factor of 4861?
False
Is 11822 a multiple of 40?
False
Is 3906 a multiple of 42?
True
Is 911 a multiple of 14?
False
Does 40 divide 37536?
False
Is 132 a multiple of 33?
True
Is 6 a factor of 819?
False
Is 40 a factor of 2760?
True
Is 11 a factor of 332?
False
Is 28 a factor of 1843?
False
Does 7 divide 4784?
False
Is 5 a factor of 8667?
False
Is 14506 a multiple of 144?
False
Does 19 divide 1128?
False
Is 25 a factor of 2184?
False
Does 113 divide 7797?
True
Does 224 divide 77298?
False
Is 42 a factor of 1218?
True
Does 35 divide 5880?
True
Is 85 a factor of 5351?
False
Does 7 divide 1295?
True
Is 57 a factor of 11286?
True
Does 52 divide 1040?
True
Does 56 divide 1897?
False
Is 11092 a multiple of 54?
False
Does 5 divide 6445?
True
Does 5 divide 765?
True
Is 36 a factor of 22158?
False
Does 32 divide 1800?
False
Does 11 divide 5044?
False
Does 18 divide 2094?
False
Does 26 divide 58555?
False
Is 39850 a multiple of 135?
False
Is 11 a factor of 248?
False
Does 30 divide 5700?
True
Is 6 a factor of 12708?
True
Does 116 divide 9610?
False
Does 81 divide 12669?
False
Is 125778 a multiple of 114?
False
Is 4023 a multiple of 9?
True
Does 131 divide 23481?
False
Does 6 divide 1754?
False
Is 108 a factor of 1728?
True
Is 1748 a multiple of 79?
False
Does 20 divide 320?
True
Is 7049 a multiple of 35?
False
Is 28 a factor of 2761?
False
Is 36 a factor of 18540?
True
Does 6 divide 8964?
True
Is 116 a factor of 38628?
True
Is 11040 a multiple of 16?
True
Does 7 divide 413?
True
Is 12 a factor of 194?
False
Is 34 a factor of 8316?
False
Is 31 a factor of 661?
False
Does 44 divide 7184?
False
Is 912 a multiple of 37?
False
Is 2340 a multiple of 60?
True
Is 520 a multiple of 34?
False
Does 84 divide 245?
False
Is 7 a factor of 898?
False
Does 39 divide 468?
True
Is 33065 a multiple of 207?
False
Is 105 a multiple of 105?
True
Is 68656 a multiple of 14?
True
Is 20435 a multiple of 67?
True
Is 23 a factor of 27301?
True
Is 4601 a multiple of 24?
False
Does 2 divide 542?
True
Is 14 a factor of 714?
True
Is 142 a multiple of 2?
True
Is 2520 a multiple of 8?
True
Is 1834 a multiple of 14?
True
Is 2 a factor of 714?
True
Is 47426 a multiple of 15?
False
Is 14 a factor of 